-- https://www.phpmyadmin.net/
--

START TRANSACTION;



--
-- Database: `geekhgxz_ecofuture`
--

-- --------------------------------------------------------

--
-- Table structure for table `about`
--

CREATE TABLE `about` (
  `id` int(11) NOT NULL,
  `title_en` varchar(255) DEFAULT NULL,
  `title_ar` varchar(255) DEFAULT NULL,
  `description_en` longtext DEFAULT NULL,
  `description_ar` longtext DEFAULT NULL,
  `feature1_en` longtext DEFAULT NULL,
  `feature1_ar` longtext DEFAULT NULL,
  `feature2_en` longtext DEFAULT NULL,
  `feature2_ar` longtext DEFAULT NULL,
  `vision_en` longtext DEFAULT NULL,
  `vision_ar` longtext DEFAULT NULL,
  `vision_photo` varchar(255) DEFAULT NULL,
  `mission_en` longtext DEFAULT NULL,
  `mission_ar` longtext DEFAULT NULL,
  `mission_photo` varchar(255) DEFAULT NULL,
  `created_at` timestamp NOT NULL DEFAULT current_timestamp() ON UPDATE current_timestamp()
) ENGINE=InnoDB DEFAULT CHARSET=utf8mb4 COLLATE=utf8mb4_general_ci;

--
-- Dumping data for table `about`
--

INSERT INTO `about` (`id`, `title_en`, `title_ar`, `description_en`, `description_ar`, `feature1_en`, `feature1_ar`, `feature2_en`, `feature2_ar`, `vision_en`, `vision_ar`, `vision_photo`, `mission_en`, `mission_ar`, `mission_photo`, `created_at`) VALUES
(1, 'Your trusted specialist in solar energy products, lithium batteries, and innovative renewable energy solutions.', 'متخصصون  في مجال منتجات الطاقة الشمسية وبطاريات الليثيوم وحلول الطاقة المتجددة المبتكرة.', 'Our team of experts stays at the forefront of industry advancements to provide you with the most effective and efficient renewable energy systems.', 'فريقنا المتخصص يبقى على دراية بجميع التطورات في مجال الطاقات المتجددة لتزويدك بخدمات أكثر فعالية وكفاءة.', 'Your trusted specialist in solar energy products, lithium batteries, and innovative renewable energy solutions.', 'نحن ندرك الحاجة الملحة لتأمين منتجات الطاقات المتجددة بكفاءة و جودة عالية.', 'Our team of experts stays at the forefront of industry advancements to provide you with the most effective and efficient renewable energy systems.', 'نقدم مجموعة شاملة من المنتجات الحديثة والحلول المخصصة التي تلبي احتياجاتك الفريدة في مجال الطاقة.', 'We envision a world where individuals and businesses harness the power of innovative energy solutions to reach new heights of success. By delivering unparalleled products and services, we strive to set new industry standards and be the go-to partner for our customers. Our relentless commitment to excellence and exceptional customer experience fuels our journey towards becoming the most trusted and admired energy solutions provider in the market.', 'نتصور عالمًا يستغل الأفراد والشركات قوة حلول الطاقة المبتكرة للوصول إلى آفاق جديدة من النجاح. من خلال تقديم منتجات وخدمات لا مثيل لها، نسعى لوضع معايير جديدة في الصناعة وأن نكون الشريك الأمثل لعملائنا. نحن ملتزمون بلا كلل بالتفوق وتقديم تجربة استثنائية للعملاء، وهذا يدفعنا في رحلتنا نحو أن نصبح مزود حلول الطاقة الأكثر ثقة وتقديرًا في السوق.', 'https://ecofuture-backend.smartstep.agency/uploads/about/664117220.webp', 'At Eco Future, our mission is to empower individuals and businesses to unlock their full potential by providing innovative energy solutions. We are dedicated to transforming the way energy is utilized, enabling our customers to thrive in a dynamic and ever-evolving world. Through our cutting-edge technologies and customer-centric approach, we aim to revolutionize the energy landscape and drive unprecedented growth and success for our clients.', 'مهمتنا هي تمكين الأفراد والشركات وتلبية احتياجاتهم الكاملة المتعلقة بتوفير حلول طاقة مبتكرة. نحن ملتزمون بتحويل طريقة استخدام الطاقة، مما يمكّن عملائنا من الازدهار في عالم متغير ومتطور باستمرار. من خلال تقنياتنا المتطورة ونهجنا المركز على العميل، نهدف إلى تحقيق نمو ونجاح غير مسبوق لعملائنا.', 'https://ecofuture-backend.smartstep.agency/uploads/about/590895266.webp', '2024-03-09 17:43:55');

-- --------------------------------------------------------

--
-- Table structure for table `blog`
--

CREATE TABLE `blog` (
  `id` int(11) NOT NULL,
  `title_en` varchar(255) DEFAULT NULL,
  `title_ar` varchar(255) DEFAULT NULL,
  `meta_title_en` varchar(255) DEFAULT NULL,
  `meta_title_ar` varchar(255) DEFAULT NULL,
  `description_en` longtext DEFAULT NULL,
  `description_ar` longtext DEFAULT NULL,
  `short_description_en` longtext DEFAULT NULL,
  `short_description_ar` longtext DEFAULT NULL,
  `meta_description_en` longtext DEFAULT NULL,
  `meta_description_ar` longtext DEFAULT NULL,
  `photo` varchar(255) DEFAULT NULL,
  `created_at` timestamp NOT NULL DEFAULT current_timestamp() ON UPDATE current_timestamp()
) ENGINE=InnoDB DEFAULT CHARSET=utf8mb4 COLLATE=utf8mb4_general_ci;

--
-- Dumping data for table `blog`
--

INSERT INTO `blog` (`id`, `title_en`, `title_ar`, `meta_title_en`, `meta_title_ar`, `description_en`, `description_ar`, `short_description_en`, `short_description_ar`, `meta_description_en`, `meta_description_ar`, `photo`, `created_at`) VALUES
(1, 'Why Lithium Batteries?', 'لماذا بطاريات الليثيوم؟', '', '', '<p>Lithium batteries are a type of rechargeable alternative energy batteries used in various applications, from small electronic devices to electric cars. Lithium batteries are known for their power and multiple benefits.</p>\r\n<ol>\r\n  <li>Firstly, lithium batteries are lightweight and compact, making them ideal for use in small electronic devices such as mobile phones and tablets. They also have the ability to store large amounts of energy, making them ideal for use in electric cars and solar systems.</li>\r\n  <li>Secondly, lithium batteries have the ability to charge quickly and efficiently, making them ideal for use in devices that require fast and effective charging. They also have a long lifespan, making them an ideal choice for devices that require long-lasting batteries.</li>\r\n  <li>Thirdly, lithium batteries are safe and environmentally friendly, as they do not contain harmful materials used in nickel and lead batteries. This makes them a perfect choice for use in devices that contain sensitive materials or are used in sensitive environments.</li>\r\n</ol>\r\n<p>Lithium batteries are an ideal choice for use in various applications and are known for their power and multiple benefits. They are one of the key components of alternative energy and contribute to improving the environment and reducing harmful emissions. Therefore, let us use lithium batteries and support alternative energy to build a better future for everyone.</p>', '<p>بطاريات الليثيوم هي نوع من بطاريات الطاقة البديلة التي تستخدم في العديد من التطبيقات المختلفة، من الأجهزة الإلكترونية الصغيرة إلى السيارات الكهربائية. وتشتهر بطاريات الليثيوم بقوتها وفوائدها المتعددة.</p>\r\n<ol>\r\n  <li>أولاً، تتميز بطاريات الليثيوم بكونها خفيفة الوزن وصغيرة الحجم، مما يجعلها مثالية للاستخدام في الأجهزة الإلكترونية الصغيرة مثل الهواتف المحمولة والأجهزة اللوحية. كما أنها تتميز بقدرتها على تخزين كميات كبيرة من الطاقة، مما يجعلها مثالية للاستخدام في السيارات الكهربائية والأنظمة الشمسية.</li>\r\n  <li>ثانيًا، تتميز بطاريات الليثيوم بقدرتها على الشحن بسرعة وفعالية، مما يجعلها مثالية للاستخدام في الأجهزة التي تحتاج إلى شحن سريع وفعال. كما أنها تتميز بعمر افتراضي طويل، مما يجعلها اختيارًا مثاليًا للاستخدام في الأجهزة التي تحتاج إلى بطاريات ذات عمر افتراضي طويل.</li>\r\n  <li>ثالثًا، تتميز بطاريات الليثيوم بكونها آمنة وصديقة للبيئة، حيث أنها لا تحتوي على المواد الضارة التي تستخدم في بطاريات النيكل والرصاص. وهذا يجعلها خيارًا مثاليًا للاستخدام في الأجهزة التي تحتوي على مواد حساسة أو التي تستخدم في البيئات الحساسة.</li>\r\n</ol>\r\n<p>بطاريات الليثيوم هي خيار مثالي للاستخدام في العديد من التطبيقات المختلفة، وتتميز بقوتها وفوائدها المتعددة. وتعد من أهم المكونات الرئيسية للطاقة البديلة، وتساهم في تحسين البيئة وتقليل الانبعاثات الضارة. لذا، دعونا نستخدم بطاريات الليثيوم وندعم الطاقة البديلة لبناء مستقبل أفضل للجميع.</p>', 'Lithium batteries are a type of rechargeable alternative energy batteries used in various applications, from small electronic devices to electric cars.', 'بطاريات الليثيوم هي نوع من بطاريات الطاقة البديلة التي تستخدم في العديد من التطبيقات المختلفة، من الأجهزة الإلكترونية الصغيرة إلى السيارات الكهربائية.', '', '', 'https://ecofuture-backend.smartstep.agency/uploads/blogs/116393791.jpg', '2024-03-09 17:44:32'),
(2, 'What are Solar Panels?', 'ماهي ألواح الطاقة الشمسية؟', '', '', '<p>Solar panels are one of the most important alternative sources of energy, as they use solar energy to generate electricity. Solar panels were invented in the 1950s and have been developed over the years to become more efficient and cost-effective.</p>\r\n<p>Solar panels consist of small solar cells called photovoltaic cells, which convert sunlight into electrical current. These cells are made up of two layers of different materials, called the p-type and the n-type. When sunlight hits the cell, electrons are released from the n-type layer to the p-type layer, creating a gap in electrons in the n-type layer. The electrical current moves from the n-type to the ptype, generating electricity.</p>\r\n<p><br></p>\r\n<p>Solar panels have several benefits, including:</p>\r\n<ol>\r\n  <li><strong>Clean Energy:</strong> No harmful emissions are released when using solar energy, making it clean and environmentally friendly.</li>\r\n  <li><strong>Cost Savings:</strong> Solar panels are a good long-term investment, as they can save costs associated with traditional electricity.</li>\r\n  <li><strong>Independence:</strong> Solar panels can be used in areas where there is no access to electrical grids, making them an ideal option for remote locations.</li>\r\n  <li><strong>Durability: </strong>Solar panels are known for their durability and resilience, and can be used for a long period without the need for maintenance.</li>\r\n  <li><strong>Availability: </strong>Solar energy is available worldwide and is not dependent on suppliers or exporting countries.</li>\r\n</ol>\r\n<p>In summary, solar panels are one of the most important alternative energy sources, providing clean energy, cost savings, independence, durability, and availability. They can be used in various applications, including homes, businesses, cars, and portable devices.</p>', '<p>ألواح الطاقة الشمسية هي واحدة من أهم المصادر البديلة للطاقة، حيث تستخدم الطاقة الشمسية لتوليد الكهرباء. تم اختراع ألواح الطاقة الشمسية في الخمسينيات من القرن الماضي، وتم تطويرها على مدار السنوات لتصبح أكثر فعالية واقتصادية.</p>\r\n<p>تتكون ألواح الطاقة الشمسية من خلايا شمسية صغيرة تسمى خلايا فوتوفولطائية، والتي تحول الضوء الشمسي إلى تيار كهربائي. تتكون هذه الخلايا من طبقتين من المواد المختلفة، والتي تسمى النوع p والنوع n. عندما يضرب الضوء الشمسي الخلية، يتم إطلاق إلكترونات من طبقة n إلى طبقة p، مما يخلق فجوة في الإلكترونات في طبقة n. يتحرك التيار الكهربائي من النوع n إلى النوع p، ويتم توليد الكهرباء</p>\r\n<p><br></p>\r\n<p>تتميز ألواح الطاقة الشمسية بالعديد من الفوائد، منها:</p>\r\n<ol>\r\n  <li><strong>الطاقة النظيفة: </strong>لا يتم إطلاق أي انبعاثات ضارة عند استخدام الطاقة الشمسية، مما يجعلها طاقة نظيفة وصديقة للبيئة.</li>\r\n  <li><strong>توفير التكاليف: </strong>تعتبر ألواح الطاقة الشمسية استثمارًا جيدًا على المدى الطويل، حيث يمكن توفير التكاليف المرتبطة بالكهرباء التقليدية.</li>\r\n  <li><strong>الاستقلالية: </strong>يمكن استخدام ألواح الطاقة الشمسية في المناطق التي لا تتوفر فيها شبكات كهربائية، مما يجعلها خيارًا مثاليًا للأماكن النائية.</li>\r\n  <li><strong>المتانة: </strong>تتميز ألواح الطاقة الشمسية بالمتانة والصلابة، حيث يمكن استخدامها لفترة طويلة دون الحاجة إلى الصيانة.</li>\r\n  <li><strong>التوافر:</strong> تتوفر الطاقة الشمسية في جميع أنحاء العالم، ولا يتوقف توفرها على الموردين أو الدول المصدرة.<br>\r\n</li>\r\n</ol>\r\n<p>باختصار، تعتبر ألواح الطاقة الشمسية من أهم المصادر البديلة للطاقة، حيث توفر الطاقة النظيفة وتوفير التكاليف والاستقلالية والمتانة والتوافر. ويمكن استخدامها في العديد من التطبيقات المختلفة، بما في ذلك المنازل والشركات والسيارات والأجهزة...</p>', 'Solar panels are one of the most important alternative sources of energy, as they use solar energy to generate electricity.', 'ألواح الطاقة الشمسية هي واحدة من أهم المصادر البديلة للطاقة، حيث تستخدم الطاقة الشمسية لتوليد الكهرباء. ', '', '', 'https://ecofuture-backend.smartstep.agency/uploads/blogs/588008583.jpg', '2024-03-09 17:44:32'),
(3, 'On Grid Projects', 'مشاريع On Grid', '', '', '<p>On-grid projects are one of the key projects that utilize solar panels to generate electricity. The term \"On-Grid\" means that the project is connected to the public electrical grid, where electricity generated from solar panels is fed into the grid for distribution to users.</p>\r\n<p><br></p>\r\n<p>On-grid projects offer several benefits, including:</p>\r\n<ol>\r\n  <li><strong>Cost savings:</strong> Project owners can save costs associated with traditional electricity by selling the excess electricity they generate back to the electrical grid and earning additional income.</li>\r\n  <li><strong>Sustainability: </strong>On-grid projects contribute to improving air quality and preserving the environment, as no harmful emissions are released when using solar energy.</li>\r\n  <li><strong>Availability: </strong>Solar energy is available worldwide and is not dependent on suppliers or exporting countries.</li>\r\n</ol>\r\n<p>On-grid projects require a significant investment in the construction and installation of solar panels. However, they are considered a good long-term investment as project owners can save costs associated with traditional electricity and increase their income from selling the generated electricity. They also contribute to improving air quality, preserving the environment, and increasing the value of properties.</p>', '<p>تعتبر مشاريع On-Grid واحدة من أهم المشاريع التي تستخدم ألواح الطاقة الشمسية لتوليد الكهرباء. تعني كلمة \"On-Grid\" أن المشروع متصل بالشبكة الكهربائية العامة، حيث يتم توليد الكهرباء من خلال ألواح الطاقة الشمسية وإرسالها إلى الشبكة الكهربائية لتوزيعها على المستخدمين.</p>\r\n<p><br></p>\r\n<p>تتميز مشاريع On-Grid بالعديد من الفوائد، منها:</p>\r\n<ol>\r\n  <li><strong>توفير التكاليف: </strong>يمكن لأصحاب المشاريع توفير التكاليف المرتبطة بالكهرباء التقليدية، حيث يمكنهم بيع الكهرباء التي يولدونها إلى الشبكة الكهربائية والحصول على دخل إضافي.</li>\r\n  <li><strong>الاستدامة: </strong>تساهم مشاريع On-Grid في تحسين جودة الهواء والحفاظ على البيئة، حيث لا يتم إطلاق أي انبعاثات ضارة عند استخدام الطاقة الشمسية.</li>\r\n  <li><strong>الاستقلالية: </strong>يمكن لأصحاب المشاريع الاستقلالية عن شركات الكهرباء التقليدية، حيث يتم توليد الكهرباء من خلال ألواح الطاقة الشمسية وإرسالها إلى الشبكة الكهربائية.</li>\r\n  <li><strong>التوافر: </strong>تتوفر الطاقة الشمسية في جميع أنحاء العالم، ولا يتوقف توفرها على الموردين أو الدول المصدرة.</li>\r\n  <li><strong>تحسين قيمة العقار: </strong>يمكن لأصحاب المشاريع زيادة قيمة عقاراتهم من خلال تثبيت ألواح الطاقة الشمسية على سطح المباني وتوليد الكهرباء.</li>\r\n</ol>\r\n<p>تتطلب مشاريع On-Grid استثمارًا كبيرًا في بناء وتثبيت ألواح الطاقة الشمسية، إلا أنها تعتبر استثمارًا جيدًا على المدى الطويل، حيث يمكن لأصحاب المشاريع توفير التكاليف المرتبطة بالكهرباء التقليدية وزيادة دخلهم من بيع الكهرباء المولدة. كما أنها تساهم في تحسين جودة الهواء والحفاظ على البيئة، وتزيد قيمة العقارات.</p>', 'On-Grid projects are one of the key projects that utilize solar panels to generate electricity.', 'تعتبر مشاريع On-Grid واحدة من أهم المشاريع التي تستخدم ألواح الطاقة الشمسية لتوليد الكهرباء.', '', '', 'https://ecofuture-backend.smartstep.agency/uploads/blogs/230617480.webp', '2024-03-09 17:44:32');

-- --------------------------------------------------------

--
-- Table structure for table `contact_info`
--

CREATE TABLE `contact_info` (
  `id` int(11) NOT NULL,
  `address` varchar(255) DEFAULT NULL,
  `phone_number` varchar(255) DEFAULT NULL,
  `email_1` varchar(255) DEFAULT NULL,
  `email_2` varchar(255) DEFAULT NULL,
  `facebook` varchar(255) DEFAULT NULL,
  `telegram` varchar(255) DEFAULT NULL,
  `twitter` varchar(255) DEFAULT NULL,
  `instagram` varchar(255) DEFAULT NULL,
  `linkedin` varchar(255) DEFAULT NULL,
  `whatsapp` varchar(255) DEFAULT NULL,
  `created_at` timestamp NOT NULL DEFAULT current_timestamp() ON UPDATE current_timestamp()
) ENGINE=InnoDB DEFAULT CHARSET=utf8mb4 COLLATE=utf8mb4_general_ci;

--
-- Dumping data for table `contact_info`
--

INSERT INTO `contact_info` (`id`, `address`, `phone_number`, `email_1`, `email_2`, `facebook`, `telegram`, `twitter`, `instagram`, `linkedin`, `whatsapp`, `created_at`) VALUES
(1, 'Dubai, UAE', '+971502129049', 'info@ecofe.ae', 'info@ecofe.ae', 'https://www.facebook.com/profile.php?id=61553006311112', '', '', 'https://www.instagram.com/eco.future.energy?utm_source=ig_web_button_share_sheet&igsh=ZDNlZDc0MzIxNw==', '', '+971502129049', '2024-01-22 10:38:27');

-- --------------------------------------------------------

--
-- Table structure for table `contact_request`
--

CREATE TABLE `contact_request` (
  `id` int(11) NOT NULL,
  `full_name` varchar(255) DEFAULT NULL,
  `email` varchar(255) DEFAULT NULL,
  `message` longtext DEFAULT NULL,
  `created_at` timestamp NOT NULL DEFAULT current_timestamp() ON UPDATE current_timestamp()
) ENGINE=InnoDB DEFAULT CHARSET=utf8mb4 COLLATE=utf8mb4_general_ci;

--
-- Dumping data for table `contact_request`
--

INSERT INTO `contact_request` (`id`, `full_name`, `email`, `message`, `created_at`) VALUES
(1, 'asd', 'asd@email.com', 'ededede', '2023-10-09 21:30:51'),
(2, 'dsds', 'asd@asd.com', 'dcddd', '2023-10-09 21:38:17'),
(3, 'asasa', 'asd@sd.com', 'ddfdfddf', '2023-10-09 21:38:51'),
(4, 'fdfd', 'sdfdsf@dfdfdf.com', 'fdfdfdfd', '2023-10-10 00:19:54'),
(5, 'hchgc', 'zein12341@gmail.com', 'skfgkjfgkdskjd', '2023-10-10 12:43:48');

-- --------------------------------------------------------

--
-- Table structure for table `orders`
--

CREATE TABLE `orders` (
  `id` int(11) NOT NULL,
  `full_name` varchar(255) DEFAULT NULL,
  `email` varchar(255) DEFAULT NULL,
  `phone_number` varchar(255) DEFAULT NULL,
  `address` varchar(255) DEFAULT NULL,
  `product_title` varchar(255) DEFAULT NULL,
  `quantity` int(11) DEFAULT NULL,
  `created_at` timestamp NOT NULL DEFAULT current_timestamp() ON UPDATE current_timestamp()
) ENGINE=InnoDB DEFAULT CHARSET=utf8mb4 COLLATE=utf8mb4_general_ci;

-- --------------------------------------------------------

--
-- Table structure for table `product`
--

CREATE TABLE `product` (
  `id` int(11) NOT NULL,
  `category_id` int(11) DEFAULT NULL,
  `title_en` varchar(255) DEFAULT NULL,
  `title_ar` varchar(255) DEFAULT NULL,
  `description_en` longtext DEFAULT NULL,
  `description_ar` longtext DEFAULT NULL,
  `voltage` varchar(255) DEFAULT NULL,
  `capacity` varchar(255) DEFAULT NULL,
  `in_stock` tinyint(1) DEFAULT NULL,
  `status` varchar(255) DEFAULT NULL,
  `pdf` varchar(255) DEFAULT NULL,
  `home` tinyint(1) DEFAULT NULL,
  `business` tinyint(1) DEFAULT NULL,
  `solar` tinyint(1) DEFAULT NULL,
  `battery` tinyint(1) DEFAULT NULL,
  `created_at` timestamp NOT NULL DEFAULT current_timestamp() ON UPDATE current_timestamp()
) ENGINE=InnoDB DEFAULT CHARSET=utf8mb4 COLLATE=utf8mb4_general_ci;

--
-- Dumping data for table `product`
--

INSERT INTO `product` (`id`, `category_id`, `title_en`, `title_ar`, `description_en`, `description_ar`, `voltage`, `capacity`, `in_stock`, `status`, `pdf`, `home`, `business`, `solar`, `battery`, `created_at`) VALUES
(8, 1, 'JA Solar ', 'JA Solar ', '', '', NULL, NULL, 1, 'Special Price', 'https://ecofuture-backend.smartstep.agency/uploads/products/547661558.pdf', 1, 1, 1, 0, '2024-03-09 17:45:39'),
(9, 1, 'Jinko Solar', 'Jinko Solar', '', '', NULL, NULL, 1, 'Special Price', 'https://ecofuture-backend.smartstep.agency/uploads/products/836153855.pdf', 1, 1, 1, 0, '2024-03-09 17:45:39'),
(10, 1, 'Longi', 'Longi', '', '', NULL, NULL, 1, 'Special Price', 'https://ecofuture-backend.smartstep.agency/uploads/products/837860830.pdf', 1, 1, 1, 0, '2024-03-09 17:45:39'),
(16, 4, 'Solis Three Phase Inverters', 'Solis Three Phase Inverters', '', '', NULL, 'Solis-(100-110)K-5G', 1, '', 'https://ecofuture-backend.smartstep.agency/uploads/products/438652083.pdf', 1, 1, 0, 1, '2024-03-09 17:45:39'),
(17, 4, 'Solis Three Phase Inverters', 'Solis Three Phase Inverters', NULL, NULL, NULL, 'S5-GC(25-50)K', 1, 'New', 'https://ecofuture-backend.smartstep.agency/uploads/products/658842264.pdf', 1, 1, NULL, 1, '2024-03-09 17:45:39'),
(18, 4, 'Solis Three Phase Inverters', 'Solis Three Phase Inverters', NULL, NULL, NULL, 'S5-GC(50-70)K', 1, 'New', 'https://ecofuture-backend.smartstep.agency/uploads/products/854843169.pdf', 1, 1, NULL, 1, '2024-03-09 17:45:39'),
(19, 7, 'RAGNAR', 'RAGNAR', '<p><br></p>', '<p><br></p>', NULL, 'GI-R48-11KW', 1, 'Special Price', NULL, 1, 1, 0, 1, '2024-02-14 11:54:14'),
(20, 7, 'RAGNAR PRO', 'RAGNAR PRO', '<p><br></p>', '<p><br></p>', NULL, 'GI-R48-11KW-PRO', 1, 'Special Price', NULL, 1, 1, 0, 1, '2024-02-14 11:54:14'),
(21, 1, 'Vertex', 'Vertex', '', '', NULL, NULL, 1, 'Special Price', 'https://ecofuture-backend.smartstep.agency/uploads/products/891776587.pdf', 1, 1, 1, 0, '2024-03-09 17:45:39'),
(22, 1, 'CanadianSolar', 'CanadianSolar', NULL, NULL, NULL, '', 1, 'Special Price', 'https://ecofuture-backend.smartstep.agency/uploads/products/363906648.pdf', 1, 1, 1, NULL, '2024-03-09 17:45:39'),
(23, 3, 'EASTMAN BATTERY', 'EASTMAN BATTERY', NULL, NULL, '12 V', '12 V - 200 AH', 1, NULL, NULL, 1, 1, NULL, 1, '2024-01-28 10:09:49'),
(24, 2, 'LBE-25.6-220 ECO Light', 'LBE-25.6-220 ECO Light', NULL, NULL, NULL, NULL, 1, 'New', 'https://ecofuture-backend.smartstep.agency/uploads/products/308943777.pdf', 1, 1, NULL, 1, '2024-03-09 17:45:39'),
(25, 2, 'LBE-51.2-220 ECO Light', 'LBE-51.2-220 ECO Light', NULL, NULL, NULL, NULL, 1, 'New', 'https://ecofuture-backend.smartstep.agency/uploads/products/176809640.pdf', 1, 1, NULL, 1, '2024-03-09 17:45:39'),
(26, 2, 'LBE-51.2-300A ECO Light', 'LBE-51.2-300A ECO Light', NULL, NULL, NULL, NULL, 1, 'New', 'https://ecofuture-backend.smartstep.agency/uploads/products/358700004.pdf', 1, 1, NULL, 1, '2024-03-09 17:45:39'),
(27, 2, 'LBE-51.2V 350A ECO Light', 'LBE-51.2V 350A ECO Light', NULL, NULL, NULL, NULL, 1, 'New', 'https://ecofuture-backend.smartstep.agency/uploads/products/962530059.pdf', 1, 1, NULL, 1, '2024-03-09 17:45:39'),
(49, 7, 'Eco Light Pro Axpert VM III 4k Twin', 'Eco Light Pro Axpert VM III 4k Twin', '<p><br></p>', '<p><br></p>', NULL, NULL, 0, 'Special Price', 'http://ecofuture-backend.smartstep.agency/uploads/products/702958447.pdf', 1, 1, 0, 0, '2024-07-01 08:47:08'),
(71, 7, 'Eco Light Pro Axpert VM III 6k Twin', 'Eco Light Pro Axpert VM III 6k Twin', '<p><br></p>', '<p><br></p>', NULL, NULL, 0, 'Special Price', 'http://ecofuture-backend.smartstep.agency/uploads/products/742397550.pdf', 1, 1, 0, 0, '2024-07-01 08:47:27'),
(72, 7, 'Eco Light Pro Axpert King II 6K Twin', 'Eco Light Pro Axpert King II 6K Twin', '<p><br></p>', '<p><br></p>', NULL, NULL, 0, 'Special Price', 'http://ecofuture-backend.smartstep.agency/uploads/products/44871691.pdf', 1, 1, 0, 0, '2024-07-01 08:47:44'),
(73, 7, 'Eco Light Pro Axpert Max 8K Twin', 'Eco Light Pro Axpert Max 8K Twin', '<p><br></p>', '<p><br></p>', NULL, NULL, 0, 'Special Price', 'http://ecofuture-backend.smartstep.agency/uploads/products/599365612.pdf', 1, 1, 0, 0, '2024-07-01 08:48:41'),
(74, 7, 'Eco Light Pro Axpert Max 11K Twin', 'Eco Light Pro Axpert Max 11K Twin', '<p><br></p>', '<p><br></p>', NULL, NULL, 0, 'Special Price', 'http://ecofuture-backend.smartstep.agency/uploads/products/161284176.pdf', 1, 1, 0, 0, '2024-07-01 08:48:57'),
(75, 7, 'Eco Light Pro Axpert VM 4 Twin 4K', 'Eco Light Pro Axpert VM 4 Twin 4K', '<p><br></p>', '<p><br></p>', NULL, NULL, 0, 'Special Price', 'http://ecofuture-backend.smartstep.agency/uploads/products/909629506.pdf', 1, 1, 0, 0, '2024-07-01 08:49:22'),
(76, 7, 'Eco Light Pro Axpert VM II 3K Premium', 'Eco Light Pro Axpert VM II 3K Premium', '<p><br></p>', '<p><br></p>', NULL, NULL, 0, 'Special Price', 'http://ecofuture-backend.smartstep.agency/uploads/products/834793935.pdf', 1, 1, 0, 0, '2024-07-01 08:49:40'),
(77, 2, 'LBE-25.6-120 ECO Light', 'LBE-25.6-120 ECO Light', 'LBE-25.6-120 ECO Light', 'LBE-25.6-120 ECO Light', NULL, NULL, NULL, '', 'http://ecofuture-backend.smartstep.agency/uploads/products/278274173.pdf', 1, 0, 1, 1, '2024-07-29 11:42:53');

-- --------------------------------------------------------

--
-- Table structure for table `product_category`
--

CREATE TABLE `product_category` (
  `id` int(11) NOT NULL,
  `title_en` varchar(255) DEFAULT NULL,
  `title_ar` varchar(255) DEFAULT NULL,
  `photo` varchar(255) DEFAULT NULL,
  `created_at` timestamp NOT NULL DEFAULT current_timestamp() ON UPDATE current_timestamp()
) ENGINE=InnoDB DEFAULT CHARSET=utf8mb4 COLLATE=utf8mb4_general_ci;

--
-- Dumping data for table `product_category`
--

INSERT INTO `product_category` (`id`, `title_en`, `title_ar`, `photo`, `created_at`) VALUES
(1, 'Solar Panel', 'ألواح طاقة شمسية', 'https://ecofuture-backend.smartstep.agency/uploads/products/225504944.png', '2024-03-09 17:46:04'),
(2, 'Lithium Batteries', 'بطاريات ليثيوم', 'https://ecofuture-backend.smartstep.agency/uploads/products/999317789.png', '2024-03-09 17:46:04'),
(3, 'Tubular Batteries', 'بطاريات أنبوبية', 'https://ecofuture-backend.smartstep.agency/uploads/products/701134617.png', '2024-03-09 17:46:04'),
(4, 'Inverter - On Grid', 'On Grid - انفرتر', '', '2024-02-14 11:50:27'),
(7, 'Inverter -  Off Grid', 'Off Grid - انفرتر', '', '2024-02-14 11:51:52');

-- --------------------------------------------------------

--
-- Table structure for table `product_photo`
--

CREATE TABLE `product_photo` (
  `id` int(11) NOT NULL,
  `product_id` int(11) DEFAULT NULL,
  `photo` varchar(255) DEFAULT NULL,
  `created_at` timestamp NOT NULL DEFAULT current_timestamp() ON UPDATE current_timestamp()
) ENGINE=InnoDB DEFAULT CHARSET=utf8mb4 COLLATE=utf8mb4_general_ci;

--
-- Dumping data for table `product_photo`
--

INSERT INTO `product_photo` (`id`, `product_id`, `photo`, `created_at`) VALUES
(1, 1, 'https://ecofuture-backend.smartstep.agency/uploads/products/154154728.png', '2024-03-09 17:46:55'),
(2, 1, 'https://ecofuture-backend.smartstep.agency/uploads/products/428261196.png', '2024-03-09 17:46:55'),
(3, 1, 'https://ecofuture-backend.smartstep.agency/uploads/products/904826007.png', '2024-03-09 17:46:55'),
(4, 1, 'https://ecofuture-backend.smartstep.agency/uploads/products/467069625.png', '2024-03-09 17:46:55'),
(9, 2, 'https://ecofuture-backend.smartstep.agency/uploads/products/209461632.png', '2024-03-09 17:46:55'),
(10, 2, 'https://ecofuture-backend.smartstep.agency/uploads/products/527910160.png', '2024-03-09 17:46:55'),
(11, 2, 'https://ecofuture-backend.smartstep.agency/uploads/products/961519631.png', '2024-03-09 17:46:55'),
(14, 5, 'https://ecofuture-backend.smartstep.agency/uploads/products/987964743.webp', '2024-03-09 17:46:55'),
(15, 6, 'https://ecofuture-backend.smartstep.agency/uploads/products/297563037.webp', '2024-03-09 17:46:55'),
(16, 7, 'https://ecofuture-backend.smartstep.agency/uploads/products/459272872.webp', '2024-03-09 17:46:55'),
(20, 10, 'https://ecofuture-backend.smartstep.agency/uploads/products/742088341.webp', '2024-03-09 17:46:55'),
(21, 9, 'https://ecofuture-backend.smartstep.agency/uploads/products/756435674.webp', '2024-03-09 17:46:55'),
(22, 8, 'https://ecofuture-backend.smartstep.agency/uploads/products/295756962.webp', '2024-03-09 17:46:55'),
(27, 14, 'https://ecofuture-backend.smartstep.agency/uploads/products/306620823.webp', '2024-03-09 17:46:55'),
(28, 15, 'https://ecofuture-backend.smartstep.agency/uploads/products/298903154.webp', '2024-03-09 17:46:55'),
(29, 16, 'https://ecofuture-backend.smartstep.agency/uploads/products/925105947.webp', '2024-03-09 17:46:55'),
(30, 17, 'https://ecofuture-backend.smartstep.agency/uploads/products/642249492.webp', '2024-03-09 17:46:55'),
(31, 18, 'https://ecofuture-backend.smartstep.agency/uploads/products/302626044.webp', '2024-03-09 17:46:55'),
(32, 19, 'https://ecofuture-backend.smartstep.agency/uploads/products/150523813.webp', '2024-03-09 17:46:55'),
(33, 20, 'https://ecofuture-backend.smartstep.agency/uploads/products/325450009.webp', '2024-03-09 17:46:55'),
(34, 21, 'https://ecofuture-backend.smartstep.agency/uploads/products/506738300.webp', '2024-03-09 17:46:55'),
(35, 22, 'https://ecofuture-backend.smartstep.agency/uploads/products/65925558.webp', '2024-03-09 17:46:55'),
(36, 23, 'https://ecofuture-backend.smartstep.agency/uploads/products/969024721.webp', '2024-03-09 17:46:55'),
(41, 27, 'http://ecofuture-backend.smartstep.agency/uploads/products/234385413.webp', '2024-05-07 12:19:23'),
(42, 27, 'http://ecofuture-backend.smartstep.agency/uploads/products/461109621.webp', '2024-05-07 12:19:23'),
(43, 26, 'http://ecofuture-backend.smartstep.agency/uploads/products/377980252.webp', '2024-05-07 12:23:02'),
(44, 26, 'http://ecofuture-backend.smartstep.agency/uploads/products/645432198.webp', '2024-05-07 12:23:02'),
(45, 24, 'http://ecofuture-backend.smartstep.agency/uploads/products/740366634.webp', '2024-05-07 12:24:19'),
(46, 24, 'http://ecofuture-backend.smartstep.agency/uploads/products/24696603.webp', '2024-05-07 12:24:19'),
(47, 25, 'http://ecofuture-backend.smartstep.agency/uploads/products/237595621.webp', '2024-05-07 12:25:26'),
(48, 25, 'http://ecofuture-backend.smartstep.agency/uploads/products/412288585.webp', '2024-05-07 12:25:26'),
(50, 29, 'https://ecofuture-backend.geek-house.co/uploads/products/265425399.webp', '2024-05-20 09:21:43'),
(53, 31, 'http://ecofuture-backend.smartstep.agency/uploads/products/426469028.webp', '2024-05-20 09:45:29'),
(54, 32, 'https://ecofuture-backend.geek-house.co/uploads/products/951084133.webp', '2024-05-20 09:49:11'),
(55, 33, 'https://ecofuture-backend.geek-house.co/uploads/products/54599115.webp', '2024-05-20 09:52:04'),
(56, 35, 'https://ecofuture-backend.geek-house.co/uploads/products/276154602.webp', '2024-05-20 09:56:31'),
(57, 37, 'https://ecofuture-backend.geek-house.co/uploads/products/260015486.webp', '2024-05-20 10:01:22'),
(58, 38, 'https://ecofuture-backend.geek-house.co/uploads/products/951128956.webp', '2024-05-20 10:04:30'),
(59, 39, 'https://ecofuture-backend.geek-house.co/uploads/products/883743683.png', '2024-05-20 10:14:14'),
(60, 40, 'https://ecofuture-backend.smartstep.agency/uploads/products/806254785.png', '2024-05-20 10:19:56'),
(61, 41, 'https://ecofuture-backend.smartstep.agency/uploads/products/831211808.webp', '2024-05-20 10:20:54'),
(62, 42, 'https://ecofuture-backend.smartstep.agency/uploads/products/206629275.webp', '2024-05-20 10:31:20'),
(64, 44, 'https://ecofuture-backend.smartstep.agency/uploads/products/361863207.webp', '2024-06-30 10:07:27'),
(65, 45, 'https://ecofuture-backend.smartstep.agency/uploads/products/855078385.webp', '2024-06-30 10:10:27'),
(66, 46, 'https://ecofuture-backend.smartstep.agency/uploads/products/970042397.webp', '2024-06-30 10:10:29'),
(67, 47, 'https://ecofuture-backend.smartstep.agency/uploads/products/161052522.webp', '2024-06-30 10:12:10'),
(68, 48, 'https://ecofuture-backend.smartstep.agency/uploads/products/441649190.webp', '2024-06-30 10:12:15'),
(70, 50, 'https://ecofuture-backend.smartstep.agency/uploads/products/973847453.webp', '2024-06-30 10:41:37'),
(71, 51, 'https://ecofuture-backend.smartstep.agency/uploads/products/719861595.webp', '2024-06-30 10:43:53'),
(72, 52, 'https://ecofuture-backend.smartstep.agency/uploads/products/957078033.webp', '2024-06-30 10:43:56'),
(73, 53, 'https://ecofuture-backend.smartstep.agency/uploads/products/988225754.webp', '2024-06-30 10:44:08'),
(74, 54, 'https://ecofuture-backend.smartstep.agency/uploads/products/903627849.webp', '2024-06-30 10:44:21'),
(75, 55, 'https://ecofuture-backend.smartstep.agency/uploads/products/16341855.webp', '2024-06-30 10:44:21'),
(76, 56, 'https://ecofuture-backend.smartstep.agency/uploads/products/640652236.webp', '2024-06-30 10:44:24'),
(77, 57, 'https://ecofuture-backend.smartstep.agency/uploads/products/597566343.webp', '2024-06-30 10:44:24'),
(86, 76, 'http://ecofuture-backend.smartstep.agency/uploads/products/114648579.webp', '2024-07-01 07:11:17'),
(87, 75, 'http://ecofuture-backend.smartstep.agency/uploads/products/483014868.webp', '2024-07-01 07:11:36'),
(90, 72, 'http://ecofuture-backend.smartstep.agency/uploads/products/969212767.webp', '2024-07-01 07:13:23'),
(91, 49, 'http://ecofuture-backend.smartstep.agency/uploads/products/125587792.webp', '2024-07-01 07:15:32'),
(92, 71, 'http://ecofuture-backend.smartstep.agency/uploads/products/924217964.webp', '2024-07-01 07:15:51'),
(93, 73, 'http://ecofuture-backend.smartstep.agency/uploads/products/975998307.webp', '2024-07-01 07:16:12'),
(94, 74, 'http://ecofuture-backend.smartstep.agency/uploads/products/370107209.webp', '2024-07-01 07:16:29'),
(95, 77, 'https://ecofuture-backend.smartstep.agency/uploads/products/619354055.png', '2024-07-29 11:42:53'),
(96, 78, 'https://ecofuture-backend.smartstep.agency/uploads/products/962090157.png', '2024-07-29 11:43:55');

-- --------------------------------------------------------

--
-- Table structure for table `product_visits`
--

CREATE TABLE `product_visits` (
  `id` int(11) NOT NULL,
  `product_id` int(11) DEFAULT NULL,
  `count` int(11) DEFAULT NULL,
  `ip` varchar(255) DEFAULT NULL,
  `date` date DEFAULT NULL,
  `created_at` timestamp NOT NULL DEFAULT current_timestamp() ON UPDATE current_timestamp()
) ENGINE=InnoDB DEFAULT CHARSET=utf8mb4 COLLATE=utf8mb4_general_ci;

-- --------------------------------------------------------

--
-- Table structure for table `service`
--

CREATE TABLE `service` (
  `id` int(11) NOT NULL,
  `category_id` int(11) DEFAULT NULL,
  `title_en` varchar(255) DEFAULT NULL,
  `title_ar` varchar(255) DEFAULT NULL,
  `description_1_en` longtext DEFAULT NULL,
  `description_1_ar` longtext DEFAULT NULL,
  `description_2_en` longtext DEFAULT NULL,
  `description_2_ar` longtext DEFAULT NULL,
  `photo_1` varchar(255) DEFAULT NULL,
  `photo_2` varchar(255) DEFAULT NULL,
  `feature1_en` longtext DEFAULT NULL,
  `feature1_ar` longtext DEFAULT NULL,
  `feature2_en` longtext DEFAULT NULL,
  `feature2_ar` longtext DEFAULT NULL,
  `feature3_en` longtext DEFAULT NULL,
  `feature3_ar` longtext DEFAULT NULL,
  `feature4_en` longtext DEFAULT NULL,
  `feature4_ar` longtext DEFAULT NULL,
  `feature5_en` longtext DEFAULT NULL,
  `feature5_ar` longtext DEFAULT NULL,
  `created_at` timestamp NOT NULL DEFAULT current_timestamp() ON UPDATE current_timestamp()
) ENGINE=InnoDB DEFAULT CHARSET=utf8mb4 COLLATE=utf8mb4_general_ci;

--
-- Dumping data for table `service`
--

INSERT INTO `service` (`id`, `category_id`, `title_en`, `title_ar`, `description_1_en`, `description_1_ar`, `description_2_en`, `description_2_ar`, `photo_1`, `photo_2`, `feature1_en`, `feature1_ar`, `feature2_en`, `feature2_ar`, `feature3_en`, `feature3_ar`, `feature4_en`, `feature4_ar`, `feature5_en`, `feature5_ar`, `created_at`) VALUES
(6, 1, 'On Grid Proejcts', 'مشاريع On Grid', 'On-Grid projects are one of the key projects that utilize solar panels to generate electricity. The term \"On-Grid\" means that the project is connected to the public electrical grid, where electricity generated from solar panels is fed into the grid for distribution to users.\r\n\r\nOn-Grid projects offer several benefits, including:\r\n', 'تعتبر مشاريع On-Grid واحدة من أهم المشاريع التي تستخدم ألواح الطاقة الشمسية لتوليد الكهرباء. تعني كلمة \"On-Grid\" أن المشروع متصل بالشبكة الكهربائية العامة، حيث يتم توليد الكهرباء من خلال ألواح الطاقة الشمسية وإرسالها إلى الشبكة الكهربائية لتوزيعها على المستخدمين.\r\n\r\nتتميز مشاريع On-Grid بالعديد من الفوائد، منها:\r\n', 'On-Grid projects require a significant investment in the construction and installation of solar panels. However, they are considered a good long-term investment as project owners can save costs associated with traditional electricity and increase their income from selling the generated electricity. They also contribute to improving air quality, preserving the environment, and increasing the value of properties.', 'تتطلب مشاريع On-Grid استثمارًا كبيرًا في بناء وتثبيت ألواح الطاقة الشمسية، إلا أنها تعتبر استثمارًا جيدًا على المدى الطويل، حيث يمكن لأصحاب المشاريع توفير التكاليف المرتبطة بالكهرباء التقليدية وزيادة دخلهم من بيع الكهرباء المولدة. كما أنها تساهم في تحسين جودة الهواء والحفاظ على البيئة، وتزيد قيمة العقارات.', 'https://ecofuture-backend.smartstep.agency/uploads/services/934558644.webp', 'https://ecofuture-backend.smartstep.agency/uploads/services/849230251.jpg', 'Cost savings: Project owners can save costs associated with traditional electricity by selling the excess electricity they generate back to the electrical grid and earning additional income.', 'توفير التكاليف: يمكن لأصحاب المشاريع توفير التكاليف المرتبطة بالكهرباء التقليدية، حيث يمكنهم بيع الكهرباء التي يولدونها إلى الشبكة الكهربائية والحصول على دخل إضافي.', 'Sustainability: On-Grid projects contribute to improving air quality and preserving the environment, as no harmful emissions are released when using solar energy.', 'الاستدامة: تساهم مشاريع On-Grid في تحسين جودة الهواء والحفاظ على البيئة، حيث لا يتم إطلاق أي انبعاثات ضارة عند استخدام الطاقة الشمسية.', 'Availability: Solar energy is available worldwide and is not dependent on suppliers or exporting countries.', 'الاستقلالية: يمكن لأصحاب المشاريع الاستقلالية عن شركات الكهرباء التقليدية، حيث يتم توليد الكهرباء من خلال ألواح الطاقة الشمسية وإرسالها إلى الشبكة الكهربائية.', NULL, 'التوافر: تتوفر الطاقة الشمسية في جميع أنحاء العالم، ولا يتوقف توفرها على الموردين أو الدول المصدرة.', NULL, 'تحسين قيمة العقار: يمكن لأصحاب المشاريع زيادة قيمة عقاراتهم من خلال تثبيت ألواح الطاقة الشمسية على سطح المباني وتوليد الكهرباء.\r\n', '2024-03-09 17:47:13');

-- --------------------------------------------------------

--
-- Table structure for table `service_category`
--

CREATE TABLE `service_category` (
  `id` int(11) NOT NULL,
  `title_en` varchar(255) DEFAULT NULL,
  `title_ar` varchar(255) DEFAULT NULL,
  `created_at` timestamp NOT NULL DEFAULT current_timestamp() ON UPDATE current_timestamp()
) ENGINE=InnoDB DEFAULT CHARSET=utf8mb4 COLLATE=utf8mb4_general_ci;

--
-- Dumping data for table `service_category`
--

INSERT INTO `service_category` (`id`, `title_en`, `title_ar`, `created_at`) VALUES
(1, 'For Business', 'للأعمال التجارية', '2023-09-19 14:51:08'),
(2, 'For Homes', 'للمنازل', '2023-09-19 14:51:21');

-- --------------------------------------------------------

--
-- Table structure for table `service_visits`
--

CREATE TABLE `service_visits` (
  `id` int(11) NOT NULL,
  `service_id` int(11) DEFAULT NULL,
  `count` int(11) DEFAULT NULL,
  `ip` varchar(255) DEFAULT NULL,
  `date` date DEFAULT NULL,
  `created_at` timestamp NOT NULL DEFAULT current_timestamp() ON UPDATE current_timestamp()
) ENGINE=InnoDB DEFAULT CHARSET=utf8mb4 COLLATE=utf8mb4_general_ci;

-- --------------------------------------------------------

--
-- Table structure for table `team_member`
--

CREATE TABLE `team_member` (
  `id` int(11) NOT NULL,
  `full_name` varchar(255) DEFAULT NULL,
  `job_title` varchar(255) DEFAULT NULL,
  `photo` varchar(255) DEFAULT NULL,
  `created_at` timestamp NOT NULL DEFAULT current_timestamp() ON UPDATE current_timestamp()
) ENGINE=InnoDB DEFAULT CHARSET=utf8mb4 COLLATE=utf8mb4_general_ci;

--
-- Dumping data for table `team_member`
--

INSERT INTO `team_member` (`id`, `full_name`, `job_title`, `photo`, `created_at`) VALUES
(1, 'Sarah', 'Manager', 'https://ecofuture-backend.geek-house.co/uploads/team-members/785685591.png', '2023-09-20 16:12:06'),
(2, 'Mohammed', 'Team Leader', 'https://ecofuture-backend.geek-house.co/uploads/team-members/649583630.png', '2023-09-20 16:12:06'),
(3, 'Ossama', 'Manager', 'https://ecofuture-backend.geek-house.co/uploads/team-members/878852077.png', '2023-09-20 16:12:06'),
(4, 'Farah', 'Manager', 'https://ecofuture-backend.geek-house.co/uploads/team-members/791112131.png', '2023-09-20 16:12:06'),
(5, 'Ahmed', 'Manager', 'https://ecofuture-backend.geek-house.co/uploads/team-members/115273144.png', '2023-09-20 16:12:06');

--
-- Indexes for dumped tables
--

--
-- Indexes for table `about`
--
ALTER TABLE `about`
  ADD PRIMARY KEY (`id`);

--
-- Indexes for table `blog`
--
ALTER TABLE `blog`
  ADD PRIMARY KEY (`id`);

--
-- Indexes for table `contact_info`
--
ALTER TABLE `contact_info`
  ADD PRIMARY KEY (`id`);

--
-- Indexes for table `contact_request`
--
ALTER TABLE `contact_request`
  ADD PRIMARY KEY (`id`);

--
-- Indexes for table `orders`
--
ALTER TABLE `orders`
  ADD PRIMARY KEY (`id`);

--
-- Indexes for table `product`
--
ALTER TABLE `product`
  ADD PRIMARY KEY (`id`),
  ADD KEY `category_id` (`category_id`);

--
-- Indexes for table `product_category`
--
ALTER TABLE `product_category`
  ADD PRIMARY KEY (`id`);

--
-- Indexes for table `product_photo`
--
ALTER TABLE `product_photo`
  ADD PRIMARY KEY (`id`),
  ADD KEY `product_id` (`product_id`);

--
-- Indexes for table `product_visits`
--
ALTER TABLE `product_visits`
  ADD PRIMARY KEY (`id`),
  ADD KEY `product_id` (`product_id`);

--
-- Indexes for table `service`
--
ALTER TABLE `service`
  ADD PRIMARY KEY (`id`),
  ADD KEY `category_id` (`category_id`);

--
-- Indexes for table `service_category`
--
ALTER TABLE `service_category`
  ADD PRIMARY KEY (`id`);

--
-- Indexes for table `service_visits`
--
ALTER TABLE `service_visits`
  ADD PRIMARY KEY (`id`),
  ADD KEY `service_id` (`service_id`);

--
-- Indexes for table `team_member`
--
ALTER TABLE `team_member`
  ADD PRIMARY KEY (`id`);

--
-- AUTO_INCREMENT for dumped tables
--

--
-- AUTO_INCREMENT for table `about`
--
ALTER TABLE `about`
  MODIFY `id` int(11) NOT NULL AUTO_INCREMENT, AUTO_INCREMENT=2;

--
-- AUTO_INCREMENT for table `blog`
--
ALTER TABLE `blog`
  MODIFY `id` int(11) NOT NULL AUTO_INCREMENT, AUTO_INCREMENT=4;

--
-- AUTO_INCREMENT for table `contact_info`
--
ALTER TABLE `contact_info`
  MODIFY `id` int(11) NOT NULL AUTO_INCREMENT, AUTO_INCREMENT=2;

--
-- AUTO_INCREMENT for table `contact_request`
--
ALTER TABLE `contact_request`
  MODIFY `id` int(11) NOT NULL AUTO_INCREMENT, AUTO_INCREMENT=6;

--
-- AUTO_INCREMENT for table `orders`
--
ALTER TABLE `orders`
  MODIFY `id` int(11) NOT NULL AUTO_INCREMENT;

--
-- AUTO_INCREMENT for table `product`
--
ALTER TABLE `product`
  MODIFY `id` int(11) NOT NULL AUTO_INCREMENT, AUTO_INCREMENT=79;

--
-- AUTO_INCREMENT for table `product_category`
--
ALTER TABLE `product_category`
  MODIFY `id` int(11) NOT NULL AUTO_INCREMENT, AUTO_INCREMENT=8;

--
-- AUTO_INCREMENT for table `product_photo`
--
ALTER TABLE `product_photo`
  MODIFY `id` int(11) NOT NULL AUTO_INCREMENT, AUTO_INCREMENT=97;

--
-- AUTO_INCREMENT for table `product_visits`
--
ALTER TABLE `product_visits`
  MODIFY `id` int(11) NOT NULL AUTO_INCREMENT;

--
-- AUTO_INCREMENT for table `service`
--
ALTER TABLE `service`
  MODIFY `id` int(11) NOT NULL AUTO_INCREMENT, AUTO_INCREMENT=7;

--
-- AUTO_INCREMENT for table `service_category`
--
ALTER TABLE `service_category`
  MODIFY `id` int(11) NOT NULL AUTO_INCREMENT, AUTO_INCREMENT=3;

--
-- AUTO_INCREMENT for table `service_visits`
--
ALTER TABLE `service_visits`
  MODIFY `id` int(11) NOT NULL AUTO_INCREMENT;

--
-- AUTO_INCREMENT for table `team_member`
--
ALTER TABLE `team_member`
  MODIFY `id` int(11) NOT NULL AUTO_INCREMENT, AUTO_INCREMENT=6;

--
-- Constraints for dumped tables
--

--
-- Constraints for table `product`
--
ALTER TABLE `product`
  ADD CONSTRAINT `product_ibfk_1` FOREIGN KEY (`category_id`) REFERENCES `product_category` (`id`);

--
-- Constraints for table `product_visits`
--
ALTER TABLE `product_visits`
  ADD CONSTRAINT `product_visits_ibfk_1` FOREIGN KEY (`product_id`) REFERENCES `product` (`id`);

--
-- Constraints for table `service`
--
ALTER TABLE `service`
  ADD CONSTRAINT `service_ibfk_1` FOREIGN KEY (`category_id`) REFERENCES `service_category` (`id`);

--
-- Constraints for table `service_visits`
--
ALTER TABLE `service_visits`
  ADD CONSTRAINT `service_visits_ibfk_1` FOREIGN KEY (`service_id`) REFERENCES `service` (`id`);
COMMIT;

